{"id":100,"date":"2017-03-23T15:07:12","date_gmt":"2017-03-23T14:07:12","guid":{"rendered":"http:\/\/ecole-maternelle-perdtemps.blog.ac-lyon.fr\/?page_id=100"},"modified":"2020-08-25T18:38:17","modified_gmt":"2020-08-25T16:38:17","slug":"accueil","status":"publish","type":"page","link":"https:\/\/ecole-maternelle-perdtemps.blog.ac-lyon.fr\/","title":{"rendered":"Accueil"},"content":{"rendered":"\n<p>Bonjour et bienvenue sur le blog de l&rsquo;\u00e9cole maternelle Perdtemps.<\/p>\n\n\n\n<p>L&rsquo;\u00e9l\u00e9mentaire et la maternelle travaillent ensemble cette ann\u00e9e 2020-2021. Je vous invite \u00e0 consulter le site de l&rsquo;\u00e9cole \u00e9l\u00e9mentaire pour avoir des informations sur la rentr\u00e9e 2020 : <a href=\"http:\/\/www.ecole-perdtemps.fr\">www.ecole-perdtemps.fr<\/a><\/p>\n\n\n<p><img decoding=\"async\" class=\"alignnone size-medium wp-image-34\" src=\"http:\/\/ecole-maternelle-perdtemps.blog.ac-lyon.fr\/wp-content\/uploads\/sites\/91\/2016\/11\/cropped-photo-\u00e9cole-300x300.jpg\" alt=\"cropped-photo-\u00e9cole.jpg\" width=\"300\" height=\"300\" srcset=\"https:\/\/ecole-maternelle-perdtemps.blog.ac-lyon.fr\/wp-content\/uploads\/sites\/91\/2016\/11\/cropped-photo-\u00e9cole-300x300.jpg 300w, https:\/\/ecole-maternelle-perdtemps.blog.ac-lyon.fr\/wp-content\/uploads\/sites\/91\/2016\/11\/cropped-photo-\u00e9cole-150x150.jpg 150w, https:\/\/ecole-maternelle-perdtemps.blog.ac-lyon.fr\/wp-content\/uploads\/sites\/91\/2016\/11\/cropped-photo-\u00e9cole-270x270.jpg 270w, https:\/\/ecole-maternelle-perdtemps.blog.ac-lyon.fr\/wp-content\/uploads\/sites\/91\/2016\/11\/cropped-photo-\u00e9cole-192x192.jpg 192w, https:\/\/ecole-maternelle-perdtemps.blog.ac-lyon.fr\/wp-content\/uploads\/sites\/91\/2016\/11\/cropped-photo-\u00e9cole-180x180.jpg 180w, https:\/\/ecole-maternelle-perdtemps.blog.ac-lyon.fr\/wp-content\/uploads\/sites\/91\/2016\/11\/cropped-photo-\u00e9cole-32x32.jpg 32w, https:\/\/ecole-maternelle-perdtemps.blog.ac-lyon.fr\/wp-content\/uploads\/sites\/91\/2016\/11\/cropped-photo-\u00e9cole.jpg 512w\" sizes=\"(max-width: 300px) 100vw, 300px\" \/><\/p>\n<p>&nbsp;<\/p>\n<p>&nbsp;<\/p>\n\n\n<p><\/p>\n","protected":false},"excerpt":{"rendered":"<p>Bonjour et bienvenue sur le blog de l&rsquo;\u00e9cole maternelle Perdtemps. L&rsquo;\u00e9l\u00e9mentaire et la maternelle travaillent ensemble cette ann\u00e9e 2020-2021. Je vous invite \u00e0 consulter le site de l&rsquo;\u00e9cole \u00e9l\u00e9mentaire pour avoir des informations sur la rentr\u00e9e 2020 : www.ecole-perdtemps.fr &nbsp; &nbsp;<\/p>\n","protected":false},"author":261,"featured_media":0,"parent":0,"menu_order":0,"comment_status":"closed","ping_status":"closed","template":"","meta":{"advgb_blocks_editor_width":"","advgb_blocks_columns_visual_guide":"","ngg_post_thumbnail":0,"footnotes":""},"class_list":["post-100","page","type-page","status-publish","hentry"],"coauthors":[],"author_meta":{"author_link":"https:\/\/ecole-maternelle-perdtemps.blog.ac-lyon.fr\/?author=261","display_name":"ecole-maternelle-perdtemps"},"relative_dates":{"created":"Publi\u00e9 9 ans il y a","modified":"Mis \u00e0 jour 6 ans il y a"},"absolute_dates":{"created":"Publi\u00e9 le 23 mars 2017","modified":"Mise \u00e0 jour le 25 ao\u00fbt 2020"},"absolute_dates_time":{"created":"Publi\u00e9 le 23 mars 2017 15 h 07 min","modified":"Mise \u00e0 jour le 25 ao\u00fbt 2020 18 h 38 min"},"featured_img_caption":"","featured_img":false,"series_order":"","publishpress_future_action":{"enabled":false,"date":"2026-04-15 02:06:52","action":"change-status","newStatus":"draft","terms":[],"taxonomy":"","extraData":[]},"publishpress_future_workflow_manual_trigger":{"enabledWorkflows":[]},"_links":{"self":[{"href":"https:\/\/ecole-maternelle-perdtemps.blog.ac-lyon.fr\/index.php?rest_route=\/wp\/v2\/pages\/100","targetHints":{"allow":["GET"]}}],"collection":[{"href":"https:\/\/ecole-maternelle-perdtemps.blog.ac-lyon.fr\/index.php?rest_route=\/wp\/v2\/pages"}],"about":[{"href":"https:\/\/ecole-maternelle-perdtemps.blog.ac-lyon.fr\/index.php?rest_route=\/wp\/v2\/types\/page"}],"author":[{"embeddable":true,"href":"https:\/\/ecole-maternelle-perdtemps.blog.ac-lyon.fr\/index.php?rest_route=\/wp\/v2\/users\/261"}],"replies":[{"embeddable":true,"href":"https:\/\/ecole-maternelle-perdtemps.blog.ac-lyon.fr\/index.php?rest_route=%2Fwp%2Fv2%2Fcomments&post=100"}],"version-history":[{"count":7,"href":"https:\/\/ecole-maternelle-perdtemps.blog.ac-lyon.fr\/index.php?rest_route=\/wp\/v2\/pages\/100\/revisions"}],"predecessor-version":[{"id":1818,"href":"https:\/\/ecole-maternelle-perdtemps.blog.ac-lyon.fr\/index.php?rest_route=\/wp\/v2\/pages\/100\/revisions\/1818"}],"wp:attachment":[{"href":"https:\/\/ecole-maternelle-perdtemps.blog.ac-lyon.fr\/index.php?rest_route=%2Fwp%2Fv2%2Fmedia&parent=100"}],"curies":[{"name":"wp","href":"https:\/\/api.w.org\/{rel}","templated":true}]}}